ctors of v.
7
What are the prime factors of 1/10*4 - 792/(-20)?
2, 5
Let a = -369 + 596. What are the prime factors of a?
227
Let t(n) = -3*n + 30. What are the prime factors of t(-15)?
3, 5
Let m(o) = 2*o + 3*o**2 - 4*o + 4 + o**3 - 2*o + 4*o**2. What are the prime factors of m(-7)?
2
Suppose 3*t = -2 - 4. List the prime factors of (-1 + 12)*(-1 - t).
11
Suppose 5*a - 3 = 17. Let d = -45 + 78. Suppose -a*q - 26 = -l, -3*q = -4*l + l + d. List the prime factors of l.
2, 3
Suppose 5*c - 4*y + 2*y = 274, c - 47 = 3*y. List the prime factors of (c/(-10))/((-2)/5).
2, 7
Let z(a) = -a. Let m be z(-2). Let q = 22 + 2. Suppose m*v - q = -2*v. What are the prime factors of v?
2, 3
Let k = 4 - 2. Let x(o) = o**3 - 5*o**2 + 3*o - 4. Let q be x(5). Suppose 4*t - 22 = k*a, -t - 1 + q = a. List the prime factors of t.
7
Let f be 137 + -1*(-3 + 0). Suppose 2*h = -2*h + f. What are the prime factors of h?
5, 7
Suppose 4*d - 2*d = -3*p + 101, 2*d = -5*p + 107. List the prime factors of d.
2, 23
Suppose -m + 2*m = 28. What are the prime factors of m?
2, 7
Let v(q) = -19*q - 5. Let l(b) = 39*b + 11. Let f(w) = -6*l(w) - 13*v(w). What are the prime factors of f(1)?
2, 3
Let v be (1 - -1)/(-2) - -43. Let k = v + -24. What are the prime factors of k?
2, 3
Suppose -4*t = -7 + 43. Suppose 2*m = -2*m + 80. Let p = m + t. What are the prime factors of p?
11
Let f = 294 + -450. Let m = -15 - -12. What are the prime factors of (1/m)/(4/f)?
13
Let d(m) = m**2 + 2*m - 8. What are the prime factors of d(5)?
3
Suppose 1 = d - 11. Suppose 0 = 3*a - s + d, 0 = 2*a - 0*a + 5*s - 9. List the prime factors of (-58)/(-6) - a/9.
2, 5
Let w(l) = 3*l + 33. Let k(h) = 2*h + 22. Let m(n) = -7*k(n) + 5*w(n). Let t = -8 + 1. What are the prime factors of m(t)?
2
Let a(n) = 2*n - 1 + n**2 - 2*n + n. Let w(d) = -d**2 + 3*d + 8. Let p be w(4). What are the prime factors of a(p)?
19
Suppose -3*f = -3, -7 = -2*h - h + 5*f. Suppose 0 = -h*q + 3*d + 117, 3*q + 7*d - 3*d - 119 = 0. List the prime factors of q.
3, 11
Let j(d) = -d**2 - d - 2. Let h be j(-2). Let l = 6 + h. Suppose -l*y = y - 21. List the prime factors of y.
7
Suppose 0 = -3*z - 5*h + 42, -4*z + 0*h + 56 = 5*h. What are the prime factors of z?
2, 7
Let a = 34 + 2. Let d = a - 17. List the prime factors of d.
19
Let o(j) = -j**2 - 8*j + 11. Let h be o(-9). Suppose -1 = -3*a + h. Let c = 9 + a. List the prime factors of c.
2, 5
Let i = -69 + 110. What are the prime factors of i?
41
Let h = -85 + 123. Let n = h - 13. List the prime factors of n.
5
Let s(q) = -2*q**2 - 2*q**2 + 7*q**2 - 2*q**2 + 1. Let k be s(-1). Suppose k*r - 8 = r. What are the prime factors of r?
2
Let i be ((-3)/(-6))/(4/8). Let u = i - -4. What are the prime factors of u?
5
Let g(t) = t**2 - 14*t - 11. Let r be g(15). Let c(u) = 3*u - 2. List the prime factors of c(r).
2, 5
What are the prime factors of (-52)/78*(-110)/8*6?
5, 11
Let j be (2 - 17)/((-3)/2). Suppose 0 = 7*m - 2*m - j. Suppose m*h = -3*i - 3*h, 5*h + 10 = -i. List the prime factors of i.
5
Suppose 2*d - 30 = -3*d. Let p = -8 + d. List the prime factors of (5 - 9)/(p/3).
2, 3
Let w(a) = -a**3 + 6*a**2 - a + 5. Suppose 2*k + k - 18 = 0. Let l be w(k). Let y(o) = -9*o**3 + 2*o**2 + 2*o + 1. List the prime factors of y(l).
2, 5
Let g(k) = k**2 + 4*k + 5. List the prime factors of g(-4).
5
Suppose 29*b - 26*b = 654. What are the prime factors of b?
2, 109
Suppose 4*a - 5*h = 5, -14 = 3*a + h + 6. Let v = -3 - a. List the prime factors of v.
2
What are the prime factors of ((-15)/10)/((-1)/34)?
3, 17
Let y(a) = -a**3 + 3*a**2 - 5*a + 3. What are the prime factors of y(-6)?
3, 7, 17
Let g be (-1)/4 - (-1)/4. Let z be (3 - g)/1 - -39. Let c = z + -27. List the prime factors of c.
3, 5
Let n = -54 + 199. What are the prime factors of n?
5, 29
Let c(b) = -b**2 + 6*b - 5. Let h be c(5). Let w(d) = -d**3 + d + 2. Let f be w(h). Suppose f*v - 3*v + 9 = 0. What are the prime factors of v?
3
Let n = -53 + 97. List the prime factors of n.
2, 11
Suppose 4*i = -7 - 9. Let l(d) = d**2 + 2*d - 4. Let z be l(i). Suppose 0*r = -r + 2*y + 12, -r + 20 = -z*y. What are the prime factors of r?
2
Let s = -12 - -9. What are the prime factors of (-4 - -7)*(-4)/s?
2
Let p(t) = t**3 - 2*t**2 - t - 3. Suppose 10 = 5*w - 5. Let z be p(w). Suppose 0 = 5*h - 5, -51 = -5*l - z*h + 2*h. What are the prime factors of l?
2, 5
What are the prime factors of (-14)/(-98) - 2812/(-14)?
3, 67
Let a be 8 - 12/(-16)*-4. List the prime factors of 3 + -6 + a + 27.
29
Let s be 4/8*4/(-1). Let m = 12 + s. What are the prime factors of m?
2, 5
Let o(s) = s**2 + s - 14. What are the prime factors of o(16)?
2, 3, 43
Suppose 8*t + 44 = 9*t. List the prime factors of t.
2, 11
Suppose 0 = -r + 1, o = -r - 3*r + 4. Let a(m) = -m + 4. Let h be a(o). Suppose -h*b = 5*v - 15, 13 = -v - 3*b - b. What are the prime factors of v?
7
Suppose 4*l + 2 = -5*h, 3*l + 3 = 3*h + 4*l. Suppose -4*w - 74 = k, h*w + 26 = -0*w + 5*k. What are the prime factors of 4/w + (-202)/(-18)?
11
Let i be ((-26)/(-4))/(1/2). Let r = i - 9. Suppose 4*t + 2*p = 14, -r*p = -5*t + 12 + 12. List the prime factors of t.
2
Let p = 0 - -3. Let y = 22 + -6. Suppose -2*i + p*h = -y, 2*i - 5*h = -h + 14. List the prime factors of i.
11
Let x(i) = 26*i - 5. Let b be x(7). Suppose 5*d - b = -5*z + d, -z + 5*d + 47 = 0. What are the prime factors of z?
37
Let l(f) = -f**3 + 11*f**2 - 9*f - 11. Let i be l(10). What are the prime factors of ((-2)/(-4))/(i/(-20))?
2, 5
Let x(f) = -f**2 - 4*f - 2. Let n be x(-3). Let b be ((-87)/(-6))/(n/4). What are the prime factors of (-2)/7 - b/(-7)?
2
Let b = 397 - 120. What are the prime factors of b?
277
Let x(f) = -3*f**3 - 3*f**2 - f - 1. Let l = 8 + -5. Let q = 1 - l. What are the prime factors of x(q)?
13
Let k = -5 + 5. List the prime factors of 11 + -1 + (k - -2).
2, 3
Let s be 1/2 - (-23)/2. Suppose 3*l - 5*n = 2*l - s, 0 = -l + 3*n - 12. What are the prime factors of (-52)/(-6) - 4/l?
3
Let s(v) be the third derivative of -v**5/60 + v**4/4 + 2*v**2. Let o be s(5). Suppose -5*c + 45 = o. List the prime factors of c.
2
What are the prime factors of ((-331)/6)/(2/(-12))?
331
Suppose 4*z = -3*k + 347, -z + 85 = 3*k - 4*k. List the prime factors of z.
2, 43
Let p(v) = v - 7. Let m(i) = 5*i - 28. Let z(j) = -2*m(j) + 9*p(j). What are the prime factors of z(-12)?
5
Let h(x) = -5*x**3 + x**2 - 2*x + 1. Let c be h(1). Let k be (-28)/c - (-4)/10. Let s = 10 - k. List the prime factors of s.
2
Let x(t) be the third derivative of t**5/60 - t**4/6 + t**3/6 - 2*t**2. Let r be x(3). Let i = 3 - r. List the prime factors of i.
5
Let o = 563 - 338. What are the prime factors of o?
3, 5
Let c(y) = 5*y + 5. List the prime factors of c(6).
5, 7
Suppose -5*j = -0*j + q + 5, 2*j - 2*q - 10 = 0. Suppose j*g = -4*g + 240. Suppose -7*h + 3*h + g = 4*r, 3*h - 37 = -5*r. What are the prime factors of h?
19
Suppose 0*j + j = -w + 39, 4*w - 193 = -5*j. What are the prime factors of j?
37
Let u(n) = 9*n**2 - 1. List the prime factors of u(1).
2
Let r = 6 - 0. Let v(i) = 5*i**2 - 5*i + 0*i**3 - 4 + 13*i - i**3. What are the prime factors of v(r)?
2
Suppose 3*g + 4*m + 1 = 0, -m + 3*m + 13 = g. Suppose 0 = -2*l - g*u + 74, -3*l - 65 = -3*u - 176. What are the prime factors of l?
37
Let h(k) be the first derivative of -k**4/4 + 5*k**3/3 + 4*k**2 - 3*k + 10. Let y be 17/3 + 1/3. What are the prime factors of h(y)?
3
Suppose -3*o + 5*i - 61 = 0, 4*i = 4*o + o + 80. Let v be 9/6*o/(-9). Let x = 0 + v. List the prime factors of x.
2
Let j = 8 + 0. Let z = j + -1. What are the prime factors of z?
7
Let i be (35/(-10))/((-1)/2). Suppose i + 5 = 4*t. List the prime factors of t.
3
Let d = -9 - -20. List the prime factors of d.
11
Suppose -5*b = 4*b - 288. List the prime factors of b.
2
Let o(s) = 3*s**2 + 14*s + 23. Let v(n) = n**2 + 7*n + 11. Let r(h) = 2*o(h) - 5*v(h). List the prime factors of r(9).
3
Let a(n) = 4*n**2 + 24*n + 11. What are the prime factors of a(-6)?
11
Let j(s) = -s**2 + 7*s + 2. Suppose -4*m - 4*b + 8 = 0, -m - 5*b = 2 - 0. Suppose -2*k + 0*k - m*l = -14, -21 = -3*k - 3*l. List the prime factors of j(k).
2
Let w(a) = -a**3 + 7*a**2 - a. Let j be w(7). Let l be (-33)/7 + 4/(-14). Let q = l - j. What are the prime factors of q?
2
Suppose -13*l + 22 = -11*l. List the